{"id":1720,"date":"2019-01-10T11:44:51","date_gmt":"2019-01-10T10:44:51","guid":{"rendered":"http:\/\/www.esglesiarubi.org\/esglesia\/?post_type=wpfc_sermon&#038;p=1720"},"modified":"2019-01-10T11:44:51","modified_gmt":"2019-01-10T10:44:51","slug":"qui-soc-jo-qui-ets-tu","status":"publish","type":"wpfc_sermon","link":"https:\/\/www.esglesiarubi.org\/esglesia\/predicacions\/qui-soc-jo-qui-ets-tu\/","title":{"rendered":"Qui s\u00f3c jo? Qui ets tu?"},"content":{"rendered":"<p>Bible Text: Mark 8:27-38 | Preacher: Jonathan Navarro | Series: Tiempo Ordinario | Qui ets tu? Qu\u00e8 ens defineix?<\/p>\n<p>I Jes\u00fas no sap qui \u00e9s? \u00c9s que alg\u00fa l\u2019hi ha de dir?<\/p>\n<p>En l\u2019evangeli d\u2019avui Jes\u00fas, un altra cop es posa en marxa, i una altra vegada creua els l\u00edmits del territori d&#8217;Israel, on els l\u00edmits i les fronteres socials es difuminen.<\/p>\n","protected":false},"excerpt":{"rendered":"<p>Bible Text: Mark 8:27-38 | Preacher: Jonathan Navarro | Series: Tiempo Ordinario | Qui ets tu? Qu\u00e8 ens defineix? I Jes\u00fas no sap qui \u00e9s? \u00c9s que alg\u00fa l\u2019hi ha de dir? En l\u2019evangeli d\u2019avui Jes\u00fas, un altra cop es posa en marxa, i una altra vegada creua els l\u00edmits del territori d&#8217;Israel, on els &#8230; <span class=\"more\"><a class=\"more-link\" href=\"https:\/\/www.esglesiarubi.org\/esglesia\/predicacions\/qui-soc-jo-qui-ets-tu\/\">[Llegir m\u00e9s&#8230;]<\/a><\/span><\/p>\n","protected":false},"author":3,"featured_media":0,"comment_status":"open","ping_status":"closed","template":"","meta":{"jetpack_post_was_ever_published":false,"jetpack_publicize_message":"","jetpack_publicize_feature_enabled":true,"jetpack_social_post_already_shared":true,"jetpack_social_options":{"image_generator_settings":{"template":"highway","enabled":false},"version":2}},"wpfc_preacher":[28],"wpfc_sermon_series":[29],"wpfc_sermon_topics":[127,128],"wpfc_bible_book":[],"wpfc_service_type":[],"class_list":["wpfc_preacher-jonathan-navarro","wpfc_sermon_series-tiempo-ordinario","wpfc_sermon_topics-marc","wpfc_sermon_topics-mark","wpfc-sermon-single","entry","wpfc_sermon","publish","author-pastorrubi","post-1720"],"jetpack_publicize_connections":[],"aioseo_notices":[],"jetpack_sharing_enabled":true,"sermon_audio":"https:\/\/drive.google.com\/file\/d\/13zUTGE0fongFFrF9j7XKUmbCrEF02JS8\/view?usp=sharing","sermon_audio_duration":"","_views":"23","bible_passage":"Mark 8:27-38","sermon_video_embed":"","sermon_video_url":"","sermon_bulletin":"","_featured_url":false,"sermon_date":1537098291,"_sermon_date_auto":false,"_links":{"self":[{"href":"https:\/\/www.esglesiarubi.org\/esglesia\/wp-json\/wp\/v2\/wpfc_sermon\/1720","targetHints":{"allow":["GET"]}}],"collection":[{"href":"https:\/\/www.esglesiarubi.org\/esglesia\/wp-json\/wp\/v2\/wpfc_sermon"}],"about":[{"href":"https:\/\/www.esglesiarubi.org\/esglesia\/wp-json\/wp\/v2\/types\/wpfc_sermon"}],"author":[{"embeddable":true,"href":"https:\/\/www.esglesiarubi.org\/esglesia\/wp-json\/wp\/v2\/users\/3"}],"replies":[{"embeddable":true,"href":"https:\/\/www.esglesiarubi.org\/esglesia\/wp-json\/wp\/v2\/comments?post=1720"}],"version-history":[{"count":0,"href":"https:\/\/www.esglesiarubi.org\/esglesia\/wp-json\/wp\/v2\/wpfc_sermon\/1720\/revisions"}],"wp:attachment":[{"href":"https:\/\/www.esglesiarubi.org\/esglesia\/wp-json\/wp\/v2\/media?parent=1720"}],"wp:term":[{"taxonomy":"wpfc_preacher","embeddable":true,"href":"https:\/\/www.esglesiarubi.org\/esglesia\/wp-json\/wp\/v2\/wpfc_preacher?post=1720"},{"taxonomy":"wpfc_sermon_series","embeddable":true,"href":"https:\/\/www.esglesiarubi.org\/esglesia\/wp-json\/wp\/v2\/wpfc_sermon_series?post=1720"},{"taxonomy":"wpfc_sermon_topics","embeddable":true,"href":"https:\/\/www.esglesiarubi.org\/esglesia\/wp-json\/wp\/v2\/wpfc_sermon_topics?post=1720"},{"taxonomy":"wpfc_bible_book","embeddable":true,"href":"https:\/\/www.esglesiarubi.org\/esglesia\/wp-json\/wp\/v2\/wpfc_bible_book?post=1720"},{"taxonomy":"wpfc_service_type","embeddable":true,"href":"https:\/\/www.esglesiarubi.org\/esglesia\/wp-json\/wp\/v2\/wpfc_service_type?post=1720"}],"curies":[{"name":"wp","href":"https:\/\/api.w.org\/{rel}","templated":true}]}}

Qui sóc jo? Qui ets tu?

<p>Bible Text: Mark 8:27-38 | Preacher: Jonathan Navarro | Series: Tiempo Ordinario | Qui ets tu? Què ens defineix?</p>
<p>I Jesús no sap qui és? És que algú l’hi ha de dir?</p>
<p>En l’evangeli d’avui Jesús, un altra cop es posa en marxa, i una altra vegada creua els límits del territori d&#8217;Israel, on els límits i les fronteres socials es difuminen.</p>

<p>Bible Text: Mark 8:27-38 | Preacher: Jonathan Navarro | Series: Tiempo Ordinario | Qui ets tu? Què ens defineix? I Jesús no sap qui és? És que algú l’hi ha de dir? En l’evangeli d’avui Jesús, un altra cop es posa en marxa, i una altra vegada creua els límits del territori d&#8217;Israel, on els &#8230; <span class="more"><a class="more-link" href="https://www.esglesiarubi.org/esglesia/predicacions/qui-soc-jo-qui-ets-tu/">[Llegir més&#8230;]</a></span></p>
