{"id":1705,"date":"2019-01-10T11:20:45","date_gmt":"2019-01-10T10:20:45","guid":{"rendered":"http:\/\/www.esglesiarubi.org\/esglesia\/?post_type=wpfc_sermon&#038;p=1705"},"modified":"2019-01-10T11:20:45","modified_gmt":"2019-01-10T10:20:45","slug":"la-debilidad-del-poder","status":"publish","type":"wpfc_sermon","link":"https:\/\/www.esglesiarubi.org\/esglesia\/predicacions\/la-debilidad-del-poder\/","title":{"rendered":"La debilidad del poder"},"content":{"rendered":"<p>Bible Text: Mark 6:14-29 | Preacher: Jonathan Navarro | Series: Tiempo Ordinario | En muchas ocasiones hemos reflexionado sobre el poder de la debilidad, es decir, c\u00f3mo Dios desde una forma de existencia que a ojos humanos es considerada como d\u00e9bil, la encarnaci\u00f3n de Jesucristo, es que hace las cosas m\u00e1s poderosas.<\/p>\n<p>Pero hoy no tenemos nada de esto en el texto del evangelio, hoy m\u00e1s bien tenemos lo contrario, la debilidad del poder.<\/p>\n<p>Lo que tantas veces consideramos poder, capacidad para hacer y deshacer seg\u00fan nuestra voluntad, en vez de hacernos fuertes, nos hace d\u00e9biles, d\u00e9biles y esclavos a la vez.<\/p>\n","protected":false},"excerpt":{"rendered":"<p>Bible Text: Mark 6:14-29 | Preacher: Jonathan Navarro | Series: Tiempo Ordinario | En muchas ocasiones hemos reflexionado sobre el poder de la debilidad, es decir, c\u00f3mo Dios desde una forma de existencia que a ojos humanos es considerada como d\u00e9bil, la encarnaci\u00f3n de Jesucristo, es que hace las cosas m\u00e1s poderosas. Pero hoy no &#8230; <span class=\"more\"><a class=\"more-link\" href=\"https:\/\/www.esglesiarubi.org\/esglesia\/predicacions\/la-debilidad-del-poder\/\">[Llegir m\u00e9s&#8230;]<\/a><\/span><\/p>\n","protected":false},"author":3,"featured_media":0,"comment_status":"open","ping_status":"closed","template":"","meta":{"jetpack_post_was_ever_published":false,"jetpack_publicize_message":"","jetpack_publicize_feature_enabled":true,"jetpack_social_post_already_shared":true,"jetpack_social_options":{"image_generator_settings":{"template":"highway","enabled":false},"version":2}},"wpfc_preacher":[28],"wpfc_sermon_series":[29],"wpfc_sermon_topics":[],"wpfc_bible_book":[46,123],"wpfc_service_type":[],"class_list":["wpfc_preacher-jonathan-navarro","wpfc_sermon_series-tiempo-ordinario","wpfc_bible_book-marcos","wpfc_bible_book-mark","wpfc-sermon-single","entry","wpfc_sermon","publish","author-pastorrubi","post-1705"],"jetpack_publicize_connections":[],"aioseo_notices":[],"jetpack_sharing_enabled":true,"sermon_audio":"https:\/\/drive.google.com\/file\/d\/1o4e5yuVJS6hchuS9UkNRyY6ufiFH8H0D\/view?usp=sharing","sermon_audio_duration":"","_views":"19","bible_passage":"Mark 6:14-29","sermon_video_embed":"","sermon_video_url":"","sermon_bulletin":"","_featured_url":false,"sermon_date":1531653645,"_sermon_date_auto":false,"_links":{"self":[{"href":"https:\/\/www.esglesiarubi.org\/esglesia\/wp-json\/wp\/v2\/wpfc_sermon\/1705","targetHints":{"allow":["GET"]}}],"collection":[{"href":"https:\/\/www.esglesiarubi.org\/esglesia\/wp-json\/wp\/v2\/wpfc_sermon"}],"about":[{"href":"https:\/\/www.esglesiarubi.org\/esglesia\/wp-json\/wp\/v2\/types\/wpfc_sermon"}],"author":[{"embeddable":true,"href":"https:\/\/www.esglesiarubi.org\/esglesia\/wp-json\/wp\/v2\/users\/3"}],"replies":[{"embeddable":true,"href":"https:\/\/www.esglesiarubi.org\/esglesia\/wp-json\/wp\/v2\/comments?post=1705"}],"version-history":[{"count":0,"href":"https:\/\/www.esglesiarubi.org\/esglesia\/wp-json\/wp\/v2\/wpfc_sermon\/1705\/revisions"}],"wp:attachment":[{"href":"https:\/\/www.esglesiarubi.org\/esglesia\/wp-json\/wp\/v2\/media?parent=1705"}],"wp:term":[{"taxonomy":"wpfc_preacher","embeddable":true,"href":"https:\/\/www.esglesiarubi.org\/esglesia\/wp-json\/wp\/v2\/wpfc_preacher?post=1705"},{"taxonomy":"wpfc_sermon_series","embeddable":true,"href":"https:\/\/www.esglesiarubi.org\/esglesia\/wp-json\/wp\/v2\/wpfc_sermon_series?post=1705"},{"taxonomy":"wpfc_sermon_topics","embeddable":true,"href":"https:\/\/www.esglesiarubi.org\/esglesia\/wp-json\/wp\/v2\/wpfc_sermon_topics?post=1705"},{"taxonomy":"wpfc_bible_book","embeddable":true,"href":"https:\/\/www.esglesiarubi.org\/esglesia\/wp-json\/wp\/v2\/wpfc_bible_book?post=1705"},{"taxonomy":"wpfc_service_type","embeddable":true,"href":"https:\/\/www.esglesiarubi.org\/esglesia\/wp-json\/wp\/v2\/wpfc_service_type?post=1705"}],"curies":[{"name":"wp","href":"https:\/\/api.w.org\/{rel}","templated":true}]}}

<p>Bible Text: Mark 6:14-29 | Preacher: Jonathan Navarro | Series: Tiempo Ordinario | En muchas ocasiones hemos reflexionado sobre el poder de la debilidad, es decir, cómo Dios desde una forma de existencia que a ojos humanos es considerada como débil, la encarnación de Jesucristo, es que hace las cosas más poderosas.</p>
<p>Pero hoy no tenemos nada de esto en el texto del evangelio, hoy más bien tenemos lo contrario, la debilidad del poder.</p>
<p>Lo que tantas veces consideramos poder, capacidad para hacer y deshacer según nuestra voluntad, en vez de hacernos fuertes, nos hace débiles, débiles y esclavos a la vez.</p>

<p>Bible Text: Mark 6:14-29 | Preacher: Jonathan Navarro | Series: Tiempo Ordinario | En muchas ocasiones hemos reflexionado sobre el poder de la debilidad, es decir, cómo Dios desde una forma de existencia que a ojos humanos es considerada como débil, la encarnación de Jesucristo, es que hace las cosas más poderosas. Pero hoy no &#8230; <span class="more"><a class="more-link" href="https://www.esglesiarubi.org/esglesia/predicacions/la-debilidad-del-poder/">[Llegir més&#8230;]</a></span></p>
