{"id":1154,"date":"2016-10-16T09:35:43","date_gmt":"2016-10-16T08:35:43","guid":{"rendered":"http:\/\/www.esglesiarubi.org\/esglesia\/?post_type=wpfc_sermon&#038;p=1154"},"modified":"2018-06-11T07:24:00","modified_gmt":"2018-06-11T06:24:00","slug":"la-oracion-del-fariseo","status":"publish","type":"wpfc_sermon","link":"https:\/\/www.esglesiarubi.org\/esglesia\/predicacions\/la-oracion-del-fariseo\/","title":{"rendered":"La oraci\u00f3n del fariseo"},"content":{"rendered":"<p>Bible Text: Lucas 18:9-14 | Preacher: Jonathan Navarro | Series: Tiempo Ordinario<\/p>\n<p>Para hablar de la oraci\u00f3n este a\u00f1o he decidido cambiar un poco el orden del leccionario, as\u00ed que en vez de empezar, como ser\u00eda lo normal por la exhortaci\u00f3n de Jes\u00fas a orar constantemente, a orar sin cesar, he preferido empezar con el relato de hoy en el que nos encontramos con una particularidad de la oraci\u00f3n muy curiosa y que normalmente no somos del todo conscientes, y es que la oraci\u00f3n habla m\u00e1s de nosotros mismos que de Dios.<\/p>\n","protected":false},"excerpt":{"rendered":"<p>Bible Text: Lucas 18:9-14 | Preacher: Jonathan Navarro | Series: Tiempo Ordinario Para hablar de la oraci\u00f3n este a\u00f1o he decidido cambiar un poco el orden del leccionario, as\u00ed que en vez de empezar, como ser\u00eda lo normal por la exhortaci\u00f3n de Jes\u00fas a orar constantemente, a orar sin cesar, he preferido empezar con el &#8230; <span class=\"more\"><a class=\"more-link\" href=\"https:\/\/www.esglesiarubi.org\/esglesia\/predicacions\/la-oracion-del-fariseo\/\">[Llegir m\u00e9s&#8230;]<\/a><\/span><\/p>\n","protected":false},"author":3,"featured_media":0,"comment_status":"open","ping_status":"closed","template":"","meta":{"jetpack_post_was_ever_published":false,"jetpack_publicize_message":"","jetpack_publicize_feature_enabled":true,"jetpack_social_post_already_shared":true,"jetpack_social_options":{"image_generator_settings":{"template":"highway","enabled":false},"version":2}},"wpfc_preacher":[28],"wpfc_sermon_series":[29],"wpfc_sermon_topics":[],"wpfc_bible_book":[43],"wpfc_service_type":[],"class_list":["wpfc_preacher-jonathan-navarro","wpfc_sermon_series-tiempo-ordinario","wpfc_bible_book-lucas","wpfc-sermon-single","entry","wpfc_sermon","publish","author-pastorrubi","post-1154"],"jetpack_publicize_connections":[],"aioseo_notices":[],"jetpack_sharing_enabled":true,"sermon_audio":"https:\/\/drive.google.com\/open?id=0BxTCfzQRo-tdSFE4aDNUWEs1RTg","sermon_audio_duration":"","_views":"100","bible_passage":"Lucas 18:9-14","sermon_video_embed":"","sermon_video_url":"","sermon_bulletin":"","_featured_url":false,"sermon_date":1476524143,"_sermon_date_auto":false,"_links":{"self":[{"href":"https:\/\/www.esglesiarubi.org\/esglesia\/wp-json\/wp\/v2\/wpfc_sermon\/1154","targetHints":{"allow":["GET"]}}],"collection":[{"href":"https:\/\/www.esglesiarubi.org\/esglesia\/wp-json\/wp\/v2\/wpfc_sermon"}],"about":[{"href":"https:\/\/www.esglesiarubi.org\/esglesia\/wp-json\/wp\/v2\/types\/wpfc_sermon"}],"author":[{"embeddable":true,"href":"https:\/\/www.esglesiarubi.org\/esglesia\/wp-json\/wp\/v2\/users\/3"}],"replies":[{"embeddable":true,"href":"https:\/\/www.esglesiarubi.org\/esglesia\/wp-json\/wp\/v2\/comments?post=1154"}],"version-history":[{"count":0,"href":"https:\/\/www.esglesiarubi.org\/esglesia\/wp-json\/wp\/v2\/wpfc_sermon\/1154\/revisions"}],"wp:attachment":[{"href":"https:\/\/www.esglesiarubi.org\/esglesia\/wp-json\/wp\/v2\/media?parent=1154"}],"wp:term":[{"taxonomy":"wpfc_preacher","embeddable":true,"href":"https:\/\/www.esglesiarubi.org\/esglesia\/wp-json\/wp\/v2\/wpfc_preacher?post=1154"},{"taxonomy":"wpfc_sermon_series","embeddable":true,"href":"https:\/\/www.esglesiarubi.org\/esglesia\/wp-json\/wp\/v2\/wpfc_sermon_series?post=1154"},{"taxonomy":"wpfc_sermon_topics","embeddable":true,"href":"https:\/\/www.esglesiarubi.org\/esglesia\/wp-json\/wp\/v2\/wpfc_sermon_topics?post=1154"},{"taxonomy":"wpfc_bible_book","embeddable":true,"href":"https:\/\/www.esglesiarubi.org\/esglesia\/wp-json\/wp\/v2\/wpfc_bible_book?post=1154"},{"taxonomy":"wpfc_service_type","embeddable":true,"href":"https:\/\/www.esglesiarubi.org\/esglesia\/wp-json\/wp\/v2\/wpfc_service_type?post=1154"}],"curies":[{"name":"wp","href":"https:\/\/api.w.org\/{rel}","templated":true}]}}

La oración del fariseo

<p>Bible Text: Lucas 18:9-14 | Preacher: Jonathan Navarro | Series: Tiempo Ordinario</p>
<p>Para hablar de la oración este año he decidido cambiar un poco el orden del leccionario, así que en vez de empezar, como sería lo normal por la exhortación de Jesús a orar constantemente, a orar sin cesar, he preferido empezar con el relato de hoy en el que nos encontramos con una particularidad de la oración muy curiosa y que normalmente no somos del todo conscientes, y es que la oración habla más de nosotros mismos que de Dios.</p>

<p>Bible Text: Lucas 18:9-14 | Preacher: Jonathan Navarro | Series: Tiempo Ordinario Para hablar de la oración este año he decidido cambiar un poco el orden del leccionario, así que en vez de empezar, como sería lo normal por la exhortación de Jesús a orar constantemente, a orar sin cesar, he preferido empezar con el &#8230; <span class="more"><a class="more-link" href="https://www.esglesiarubi.org/esglesia/predicacions/la-oracion-del-fariseo/">[Llegir més&#8230;]</a></span></p>
