{"id":868,"date":"2014-03-26T22:13:21","date_gmt":"2014-03-26T21:13:21","guid":{"rendered":"http:\/\/www.esglesiarubi.org\/esglesia\/?page_id=868"},"modified":"2014-03-26T22:13:21","modified_gmt":"2014-03-26T21:13:21","slug":"el-regne-de-deu-es-a-prop-molt-a-prop-teu","status":"publish","type":"page","link":"https:\/\/www.esglesiarubi.org\/esglesia\/reflexiones-escritas\/el-regne-de-deu-es-a-prop-molt-a-prop-teu\/","title":{"rendered":"El Regne de D\u00e9u \u00e9s a prop, molt a prop teu."},"content":{"rendered":"<p><em>\u00bbDespr\u00e9s hi haur\u00e0 senyals prodigiosos en el sol, la lluna i les estrelles. A la terra, les nacions viuran amb angoixa, alarmades pel bramul de la mar i per les onades embravides. La gent defallir\u00e0 de por i d&#8217;ansietat pel que succeir\u00e0 arreu de la terra, perqu\u00e8 fins i tot els estols celestials trontollaran.<br \/>\nLlavors veuran el Fill de l&#8217;home venint en un n\u00favol amb gran poder i majestat. Quan tot aix\u00f2 comenci a succeir, redreceu-vos i alceu el cap, que el vostre alliberament s&#8217;acosta.<br \/>\nI els digu\u00e9 una par\u00e0bola:<br \/>\n&#8211;Mireu la figuera i els altres arbres: quan veieu que comencen a brotar, coneixeu que l&#8217;estiu \u00e9s a prop. Igualment, quan veureu que succeeix tot aix\u00f2, sapigueu que \u00e9s a prop el Regne de D\u00e9u. Us asseguro que no passar\u00e0 aquesta generaci\u00f3 sense que tot aix\u00f2 hagi succe\u00eft. El cel i la terra passaran, per\u00f2 les meves paraules no passaran.<br \/>\n\u00bbVosaltres estigueu alerta: que l&#8217;exc\u00e9s de menjar o l&#8217;embriaguesa o les preocupacions de la vida no afeixuguin el vostre cor, perqu\u00e8 de cop i volta, com un lla\u00e7, us trobar\u00edeu a sobre aquell dia, que caur\u00e0 sobre tots els habitants de la terra. Vetlleu, doncs, i pregueu en tot moment perqu\u00e8 us pugueu escapar de tot aix\u00f2 que ha de succeir i us pugueu presentar sense temor davant el Fill de l&#8217;home.<\/em><\/p>\n<p>Lluc 21, 25-36<\/p>\n<p>Esperem all\u00f2 que ja s\u2019havia anunciat, que Emmanuel, D\u00e9u amb nosaltres, vindria a viure amb l\u2019\u00e9sser hum\u00e0.<\/p>\n<p>Per\u00f2 en comptes de trobar-nos amb D\u00e9u, ens vam trobar amb el Fill de l\u2019home, D\u00e9u va renunciar a ser D\u00e9u per esdevenir \u00e9sser hum\u00e0. El Regne de D\u00e9u \u00e9s a prop.<\/p>\n<p>Quan la cafetera xiula s\u2019ha d\u2019apagar el foc, quan les llums de nadal s\u2019encenen al carrer toca anar de compres, quan el sem\u00e0for \u00e9s de color groc toca estar alerta, quan veus els ulls molls del teu company has d\u2019agafar-li la m\u00e0.<\/p>\n<p>S\u00f3n senyals que entenem r\u00e0pidament, no cal que ning\u00fa ens digui fes all\u00f2 o all\u00f2 altre, s\u00f3n senyals que interpretem f\u00e0cilment, sabem lo que cal fer en moltes situacions doncs entenem els senyals.<\/p>\n<p>Hi ha senyals de canvi quan el Regne de D\u00e9u s\u2019acosta. Senyals que podem veure des de fa milers d\u2019anys.<\/p>\n<p>Senyals de conflicte, senyals d\u2019injust\u00edcies, senyals d\u2019opressi\u00f3.<br \/>\nSenyals de soledat del \u00e9sser hum\u00e0, senyals de dolor i de malaltia.<br \/>\nSenyals de governs corruptes i senyals de pobles insolidaris.<br \/>\nSenyals que venen i van, que marxen i tornen.<br \/>\nSenyals de que el Regne de D\u00e9u \u00e9s a prop.<\/p>\n<p>S\u2019apropa. El Regne de D\u00e9u s\u2019ha apropat molt, molt\u00edssim. S\u2019apropa en un nen petit, un nen pobre, fill de la sospita i nascut a l\u2019exili.<br \/>\nS\u2019apropa tamb\u00e9 en el somriure dels nens, s\u2019apropa en la m\u00e0 del que t\u2019ajuda a aixecar-te quan caus, s\u2019apropa en els teus ulls quan mires estimant als qui t\u2019envolten.<\/p>\n<p>Enmig de tot aix\u00f2 el Regne de D\u00e9u \u00e9s a prop, molt a prop.<br \/>\nPerqu\u00e8 veiem els senyals \u00e9s perqu\u00e8 esperem. Esperem amb esperan\u00e7a doncs podem veure totes aquestes i m\u00e9s senyals.<\/p>\n<p>Amb esperan\u00e7a doncs el Regne de D\u00e9u \u00e9s com aquell estiu tard\u00e0, que sembla que ja triga massa a arribar. Per\u00f2 en mig del fred, de la solitud, la abs\u00e8ncia i la mancan\u00e7a, tot i aix\u00f2, podem veure els brots verds, nous brots que anuncien que aix\u00f2 no \u00e9s el final, \u00e9s el principi, que D\u00e9u est\u00e0 a prop, casi a tocar.<\/p>\n<p>Que tu pots fer veure al m\u00f3n que el Fill de l\u2019home, Jes\u00fas de Natzaret, va fer real aquest Regne, un regne amb lloc per a tothom, on ning\u00fa no ser\u00e0 rebutjat.<br \/>\n\u00c9s per aix\u00f2 que no ens em de deixar enxampar per les trampes de la vida.<br \/>\nDoncs la vida ens porta alegries i tristors, tamb\u00e9 problemes.<\/p>\n<p>Molts cops el problemes s\u00f3n greus i requereixen de la nostre energia.<br \/>\nPer\u00f2 si els problemes i les angoixes, las crisis de sistema i els poders, els d\u00e8ficits i les primer de risc s\u2019apoderin de les nostres vides, prenguin el control dels nostres cors, la nostre sensibilitat desapareixer\u00e0, les nostres ments no podran veure tan clarament els senyals del Regne que cada dia ens poden sorprendre en coses molt petites o molt grans.<\/p>\n<p>Per aix\u00f2 el Fill de l\u2019home, Jes\u00fas, aquest nen que va n\u00e9ixer pobre enmig de la pobresa ens anima a no deixar-nos atrapar per aquest m\u00f3n fins al punt que ens faci perdre la nostre humanitat.<\/p>\n<p>Preguem, la pregaria ens apropa a D\u00e9u, ens dona esperan\u00e7a, ens pot ajudar a obrir els ulls per veure el Regne de D\u00e9u, enmig d\u2019un m\u00f3n que s\u2019enfonsa i torna a enfonsar-se, a veure a D\u00e9u en un nen, en un somriure, en una ll\u00e0grima, en un tros de pa compartit.<\/p>\n<p>El Regne de D\u00e9u \u00e9s a prop, molt a prop teu.<\/p>\n","protected":false},"excerpt":{"rendered":"<p>\u00bbDespr\u00e9s hi haur\u00e0 senyals prodigiosos en el sol, la lluna i les estrelles. A la terra, les nacions viuran amb angoixa, alarmades pel bramul de la mar i per les onades embravides. La gent defallir\u00e0 de por i d&#8217;ansietat pel que succeir\u00e0 arreu de la terra, perqu\u00e8 fins i tot els estols celestials trontollaran. Llavors &#8230; <span class=\"more\"><a class=\"more-link\" href=\"https:\/\/www.esglesiarubi.org\/esglesia\/reflexiones-escritas\/el-regne-de-deu-es-a-prop-molt-a-prop-teu\/\">[Llegir m\u00e9s&#8230;]<\/a><\/span><\/p>\n","protected":false},"author":3,"featured_media":0,"parent":587,"menu_order":0,"comment_status":"open","ping_status":"open","template":"","meta":{"jetpack_post_was_ever_published":false,"footnotes":""},"class_list":["entry","page","publish","author-pastorrubi","post-868"],"aioseo_notices":[],"jetpack_sharing_enabled":true,"jetpack_shortlink":"https:\/\/wp.me\/P8020h-e0","_links":{"self":[{"href":"https:\/\/www.esglesiarubi.org\/esglesia\/wp-json\/wp\/v2\/pages\/868","targetHints":{"allow":["GET"]}}],"collection":[{"href":"https:\/\/www.esglesiarubi.org\/esglesia\/wp-json\/wp\/v2\/pages"}],"about":[{"href":"https:\/\/www.esglesiarubi.org\/esglesia\/wp-json\/wp\/v2\/types\/page"}],"author":[{"embeddable":true,"href":"https:\/\/www.esglesiarubi.org\/esglesia\/wp-json\/wp\/v2\/users\/3"}],"replies":[{"embeddable":true,"href":"https:\/\/www.esglesiarubi.org\/esglesia\/wp-json\/wp\/v2\/comments?post=868"}],"version-history":[{"count":0,"href":"https:\/\/www.esglesiarubi.org\/esglesia\/wp-json\/wp\/v2\/pages\/868\/revisions"}],"up":[{"embeddable":true,"href":"https:\/\/www.esglesiarubi.org\/esglesia\/wp-json\/wp\/v2\/pages\/587"}],"wp:attachment":[{"href":"https:\/\/www.esglesiarubi.org\/esglesia\/wp-json\/wp\/v2\/media?parent=868"}],"curies":[{"name":"wp","href":"https:\/\/api.w.org\/{rel}","templated":true}]}}

El Regne de Déu és a prop, molt a prop teu.

<p><em>»Després hi haurà senyals prodigiosos en el sol, la lluna i les estrelles. A la terra, les nacions viuran amb angoixa, alarmades pel bramul de la mar i per les onades embravides. La gent defallirà de por i d&#8217;ansietat pel que succeirà arreu de la terra, perquè fins i tot els estols celestials trontollaran.<br />
Llavors veuran el Fill de l&#8217;home venint en un núvol amb gran poder i majestat. Quan tot això comenci a succeir, redreceu-vos i alceu el cap, que el vostre alliberament s&#8217;acosta.<br />
I els digué una paràbola:<br />
&#8211;Mireu la figuera i els altres arbres: quan veieu que comencen a brotar, coneixeu que l&#8217;estiu és a prop. Igualment, quan veureu que succeeix tot això, sapigueu que és a prop el Regne de Déu. Us asseguro que no passarà aquesta generació sense que tot això hagi succeït. El cel i la terra passaran, però les meves paraules no passaran.<br />
»Vosaltres estigueu alerta: que l&#8217;excés de menjar o l&#8217;embriaguesa o les preocupacions de la vida no afeixuguin el vostre cor, perquè de cop i volta, com un llaç, us trobaríeu a sobre aquell dia, que caurà sobre tots els habitants de la terra. Vetlleu, doncs, i pregueu en tot moment perquè us pugueu escapar de tot això que ha de succeir i us pugueu presentar sense temor davant el Fill de l&#8217;home.</em></p>
<p>Lluc 21, 25-36</p>
<p>Esperem allò que ja s’havia anunciat, que Emmanuel, Déu amb nosaltres, vindria a viure amb l’ésser humà.</p>
<p>Però en comptes de trobar-nos amb Déu, ens vam trobar amb el Fill de l’home, Déu va renunciar a ser Déu per esdevenir ésser humà. El Regne de Déu és a prop.</p>
<p>Quan la cafetera xiula s’ha d’apagar el foc, quan les llums de nadal s’encenen al carrer toca anar de compres, quan el semàfor és de color groc toca estar alerta, quan veus els ulls molls del teu company has d’agafar-li la mà.</p>
<p>Són senyals que entenem ràpidament, no cal que ningú ens digui fes allò o allò altre, són senyals que interpretem fàcilment, sabem lo que cal fer en moltes situacions doncs entenem els senyals.</p>
<p>Hi ha senyals de canvi quan el Regne de Déu s’acosta. Senyals que podem veure des de fa milers d’anys.</p>
<p>Senyals de conflicte, senyals d’injustícies, senyals d’opressió.<br />
Senyals de soledat del ésser humà, senyals de dolor i de malaltia.<br />
Senyals de governs corruptes i senyals de pobles insolidaris.<br />
Senyals que venen i van, que marxen i tornen.<br />
Senyals de que el Regne de Déu és a prop.</p>
<p>S’apropa. El Regne de Déu s’ha apropat molt, moltíssim. S’apropa en un nen petit, un nen pobre, fill de la sospita i nascut a l’exili.<br />
S’apropa també en el somriure dels nens, s’apropa en la mà del que t’ajuda a aixecar-te quan caus, s’apropa en els teus ulls quan mires estimant als qui t’envolten.</p>
<p>Enmig de tot això el Regne de Déu és a prop, molt a prop.<br />
Perquè veiem els senyals és perquè esperem. Esperem amb esperança doncs podem veure totes aquestes i més senyals.</p>
<p>Amb esperança doncs el Regne de Déu és com aquell estiu tardà, que sembla que ja triga massa a arribar. Però en mig del fred, de la solitud, la absència i la mancança, tot i això, podem veure els brots verds, nous brots que anuncien que això no és el final, és el principi, que Déu està a prop, casi a tocar.</p>
<p>Que tu pots fer veure al món que el Fill de l’home, Jesús de Natzaret, va fer real aquest Regne, un regne amb lloc per a tothom, on ningú no serà rebutjat.<br />
És per això que no ens em de deixar enxampar per les trampes de la vida.<br />
Doncs la vida ens porta alegries i tristors, també problemes.</p>
<p>Molts cops el problemes són greus i requereixen de la nostre energia.<br />
Però si els problemes i les angoixes, las crisis de sistema i els poders, els dèficits i les primer de risc s’apoderin de les nostres vides, prenguin el control dels nostres cors, la nostre sensibilitat desapareixerà, les nostres ments no podran veure tan clarament els senyals del Regne que cada dia ens poden sorprendre en coses molt petites o molt grans.</p>
<p>Per això el Fill de l’home, Jesús, aquest nen que va néixer pobre enmig de la pobresa ens anima a no deixar-nos atrapar per aquest món fins al punt que ens faci perdre la nostre humanitat.</p>
<p>Preguem, la pregaria ens apropa a Déu, ens dona esperança, ens pot ajudar a obrir els ulls per veure el Regne de Déu, enmig d’un món que s’enfonsa i torna a enfonsar-se, a veure a Déu en un nen, en un somriure, en una llàgrima, en un tros de pa compartit.</p>
<p>El Regne de Déu és a prop, molt a prop teu.</p>

<p>»Després hi haurà senyals prodigiosos en el sol, la lluna i les estrelles. A la terra, les nacions viuran amb angoixa, alarmades pel bramul de la mar i per les onades embravides. La gent defallirà de por i d&#8217;ansietat pel que succeirà arreu de la terra, perquè fins i tot els estols celestials trontollaran. Llavors &#8230; <span class="more"><a class="more-link" href="https://www.esglesiarubi.org/esglesia/reflexiones-escritas/el-regne-de-deu-es-a-prop-molt-a-prop-teu/">[Llegir més&#8230;]</a></span></p>
