{"id":587,"date":"2013-03-09T23:50:01","date_gmt":"2013-03-09T22:50:01","guid":{"rendered":"http:\/\/www.esglesiarubi.org\/esglesia\/?page_id=587"},"modified":"2019-12-05T09:23:47","modified_gmt":"2019-12-05T08:23:47","slug":"reflexiones-escritas","status":"publish","type":"page","link":"https:\/\/www.esglesiarubi.org\/esglesia\/reflexiones-escritas\/","title":{"rendered":"Reflexiones escritas"},"content":{"rendered":"<blockquote class=\"wp-embedded-content\" data-secret=\"HIBt1CHysM\"><p><a href=\"http:\/\/www.esglesiarubi.org\/esglesia\/reflexiones-escritas\/vespres-dadvent\/\">Vespres d&#8217;Advent<\/a><\/p><\/blockquote>\n<p><iframe loading=\"lazy\" title=\"&#8220;Vespres d&#8217;Advent&#8221; &#8212; Primera Esgl\u00e9sia Protestant a Rub\u00ed\" class=\"wp-embedded-content\" sandbox=\"allow-scripts\" security=\"restricted\" style=\"position: absolute; clip: rect(1px, 1px, 1px, 1px);\" src=\"http:\/\/www.esglesiarubi.org\/esglesia\/reflexiones-escritas\/vespres-dadvent\/embed\/#?secret=HIBt1CHysM\" data-secret=\"HIBt1CHysM\" width=\"600\" height=\"338\" frameborder=\"0\" marginwidth=\"0\" marginheight=\"0\" scrolling=\"no\"><\/iframe><\/p>\n<blockquote data-secret=\"4wsZEtm3K2\" class=\"wp-embedded-content\"><p><a href=\"http:\/\/www.esglesiarubi.org\/esglesia\/reflexiones-escritas\/jesus-volia-canviar-el-mon\/\">Jes\u00fas volia canviar el m\u00f3n?<\/a><\/p><\/blockquote>\n<p><iframe loading=\"lazy\" class=\"wp-embedded-content\" sandbox=\"allow-scripts\" security=\"restricted\" style=\"position: absolute; clip: rect(1px, 1px, 1px, 1px);\" src=\"http:\/\/www.esglesiarubi.org\/esglesia\/reflexiones-escritas\/jesus-volia-canviar-el-mon\/embed\/#?secret=4wsZEtm3K2\" data-secret=\"4wsZEtm3K2\" width=\"600\" height=\"338\" title=\"&#8220;Jes\u00fas volia canviar el m\u00f3n?&#8221; &#8212; Primera Esgl\u00e9sia Protestant a Rub\u00ed\" frameborder=\"0\" marginwidth=\"0\" marginheight=\"0\" scrolling=\"no\"><\/iframe><\/p>\n<blockquote data-secret=\"oDeHI2nwyZ\" class=\"wp-embedded-content\"><p><a href=\"http:\/\/www.esglesiarubi.org\/esglesia\/reflexiones-escritas\/el-regne-de-deu-es-a-prop-molt-a-prop-teu\/\">El Regne de D\u00e9u \u00e9s a prop, molt a prop teu.<\/a><\/p><\/blockquote>\n<p><iframe loading=\"lazy\" class=\"wp-embedded-content\" sandbox=\"allow-scripts\" security=\"restricted\" style=\"position: absolute; clip: rect(1px, 1px, 1px, 1px);\" src=\"http:\/\/www.esglesiarubi.org\/esglesia\/reflexiones-escritas\/el-regne-de-deu-es-a-prop-molt-a-prop-teu\/embed\/#?secret=oDeHI2nwyZ\" data-secret=\"oDeHI2nwyZ\" width=\"600\" height=\"338\" title=\"&#8220;El Regne de D\u00e9u \u00e9s a prop, molt a prop teu.&#8221; &#8212; Primera Esgl\u00e9sia Protestant a Rub\u00ed\" frameborder=\"0\" marginwidth=\"0\" marginheight=\"0\" scrolling=\"no\"><\/iframe><\/p>\n<blockquote data-secret=\"13iA8aWHrc\" class=\"wp-embedded-content\"><p><a href=\"http:\/\/www.esglesiarubi.org\/esglesia\/reflexiones-escritas\/los-que-siembran-con-lagrimas-cosecharan-con-jubilo\/\">Los que siembran con l\u00e1grimas, cosechar\u00e1n con j\u00fabilo<\/a><\/p><\/blockquote>\n<p><iframe loading=\"lazy\" class=\"wp-embedded-content\" sandbox=\"allow-scripts\" security=\"restricted\" style=\"position: absolute; clip: rect(1px, 1px, 1px, 1px);\" src=\"http:\/\/www.esglesiarubi.org\/esglesia\/reflexiones-escritas\/los-que-siembran-con-lagrimas-cosecharan-con-jubilo\/embed\/#?secret=13iA8aWHrc\" data-secret=\"13iA8aWHrc\" width=\"600\" height=\"338\" title=\"&#8220;Los que siembran con l\u00e1grimas, cosechar\u00e1n con j\u00fabilo&#8221; &#8212; Primera Esgl\u00e9sia Protestant a Rub\u00ed\" frameborder=\"0\" marginwidth=\"0\" marginheight=\"0\" scrolling=\"no\"><\/iframe><\/p>\n<blockquote data-secret=\"rVUCyIa3w4\" class=\"wp-embedded-content\"><p><a href=\"http:\/\/www.esglesiarubi.org\/esglesia\/reflexiones-escritas\/mestimes\/\">M&#8217;estimes?<\/a><\/p><\/blockquote>\n<p><iframe loading=\"lazy\" class=\"wp-embedded-content\" sandbox=\"allow-scripts\" security=\"restricted\" style=\"position: absolute; clip: rect(1px, 1px, 1px, 1px);\" src=\"http:\/\/www.esglesiarubi.org\/esglesia\/reflexiones-escritas\/mestimes\/embed\/#?secret=rVUCyIa3w4\" data-secret=\"rVUCyIa3w4\" width=\"600\" height=\"338\" title=\"&#8220;M&#8217;estimes?&#8221; &#8212; Primera Esgl\u00e9sia Protestant a Rub\u00ed\" frameborder=\"0\" marginwidth=\"0\" marginheight=\"0\" scrolling=\"no\"><\/iframe><\/p>\n<blockquote data-secret=\"oe0g5qH3Cm\" class=\"wp-embedded-content\"><p><a href=\"http:\/\/www.esglesiarubi.org\/esglesia\/reflexiones-escritas\/9-9-2012-jonatan-navarro\/\">Vivir el evangelio con coherencia<\/a><\/p><\/blockquote>\n<p><iframe loading=\"lazy\" class=\"wp-embedded-content\" sandbox=\"allow-scripts\" security=\"restricted\" style=\"position: absolute; clip: rect(1px, 1px, 1px, 1px);\" src=\"http:\/\/www.esglesiarubi.org\/esglesia\/reflexiones-escritas\/9-9-2012-jonatan-navarro\/embed\/#?secret=oe0g5qH3Cm\" data-secret=\"oe0g5qH3Cm\" width=\"600\" height=\"338\" title=\"&#8220;Vivir el evangelio con coherencia&#8221; &#8212; Primera Esgl\u00e9sia Protestant a Rub\u00ed\" frameborder=\"0\" marginwidth=\"0\" marginheight=\"0\" scrolling=\"no\"><\/iframe><\/p>\n","protected":false},"excerpt":{"rendered":"<p>Vespres d&#8217;Advent Jes\u00fas volia canviar el m\u00f3n? El Regne de D\u00e9u \u00e9s a prop, molt a prop teu. Los que siembran con l\u00e1grimas, cosechar\u00e1n con j\u00fabilo M&#8217;estimes? Vivir el evangelio con coherencia<\/p>\n","protected":false},"author":4,"featured_media":0,"parent":0,"menu_order":0,"comment_status":"open","ping_status":"closed","template":"","meta":{"jetpack_post_was_ever_published":false,"footnotes":""},"class_list":["entry","page","publish","author-communitymanager","post-587"],"aioseo_notices":[],"jetpack_sharing_enabled":true,"jetpack_shortlink":"https:\/\/wp.me\/P8020h-9t","_links":{"self":[{"href":"https:\/\/www.esglesiarubi.org\/esglesia\/wp-json\/wp\/v2\/pages\/587","targetHints":{"allow":["GET"]}}],"collection":[{"href":"https:\/\/www.esglesiarubi.org\/esglesia\/wp-json\/wp\/v2\/pages"}],"about":[{"href":"https:\/\/www.esglesiarubi.org\/esglesia\/wp-json\/wp\/v2\/types\/page"}],"author":[{"embeddable":true,"href":"https:\/\/www.esglesiarubi.org\/esglesia\/wp-json\/wp\/v2\/users\/4"}],"replies":[{"embeddable":true,"href":"https:\/\/www.esglesiarubi.org\/esglesia\/wp-json\/wp\/v2\/comments?post=587"}],"version-history":[{"count":0,"href":"https:\/\/www.esglesiarubi.org\/esglesia\/wp-json\/wp\/v2\/pages\/587\/revisions"}],"wp:attachment":[{"href":"https:\/\/www.esglesiarubi.org\/esglesia\/wp-json\/wp\/v2\/media?parent=587"}],"curies":[{"name":"wp","href":"https:\/\/api.w.org\/{rel}","templated":true}]}}

<blockquote class="wp-embedded-content" data-secret="HIBt1CHysM"><p><a href="http://www.esglesiarubi.org/esglesia/reflexiones-escritas/vespres-dadvent/">Vespres d&#8217;Advent</a></p></blockquote>
<p><iframe loading="lazy" title="&#8220;Vespres d&#8217;Advent&#8221; &#8212; Primera Església Protestant a Rubí" class="wp-embedded-content" sandbox="allow-scripts" security="restricted" style="position: absolute; clip: rect(1px, 1px, 1px, 1px);" src="http://www.esglesiarubi.org/esglesia/reflexiones-escritas/vespres-dadvent/embed/#?secret=HIBt1CHysM" data-secret="HIBt1CHysM" width="600" height="338" frameborder="0" marginwidth="0" marginheight="0" scrolling="no"></iframe></p>
<blockquote data-secret="4wsZEtm3K2" class="wp-embedded-content"><p><a href="http://www.esglesiarubi.org/esglesia/reflexiones-escritas/jesus-volia-canviar-el-mon/">Jesús volia canviar el món?</a></p></blockquote>
<p><iframe loading="lazy" class="wp-embedded-content" sandbox="allow-scripts" security="restricted" style="position: absolute; clip: rect(1px, 1px, 1px, 1px);" src="http://www.esglesiarubi.org/esglesia/reflexiones-escritas/jesus-volia-canviar-el-mon/embed/#?secret=4wsZEtm3K2" data-secret="4wsZEtm3K2" width="600" height="338" title="&#8220;Jesús volia canviar el món?&#8221; &#8212; Primera Església Protestant a Rubí" frameborder="0" marginwidth="0" marginheight="0" scrolling="no"></iframe></p>
<blockquote data-secret="oDeHI2nwyZ" class="wp-embedded-content"><p><a href="http://www.esglesiarubi.org/esglesia/reflexiones-escritas/el-regne-de-deu-es-a-prop-molt-a-prop-teu/">El Regne de Déu és a prop, molt a prop teu.</a></p></blockquote>
<p><iframe loading="lazy" class="wp-embedded-content" sandbox="allow-scripts" security="restricted" style="position: absolute; clip: rect(1px, 1px, 1px, 1px);" src="http://www.esglesiarubi.org/esglesia/reflexiones-escritas/el-regne-de-deu-es-a-prop-molt-a-prop-teu/embed/#?secret=oDeHI2nwyZ" data-secret="oDeHI2nwyZ" width="600" height="338" title="&#8220;El Regne de Déu és a prop, molt a prop teu.&#8221; &#8212; Primera Església Protestant a Rubí" frameborder="0" marginwidth="0" marginheight="0" scrolling="no"></iframe></p>
<blockquote data-secret="13iA8aWHrc" class="wp-embedded-content"><p><a href="http://www.esglesiarubi.org/esglesia/reflexiones-escritas/los-que-siembran-con-lagrimas-cosecharan-con-jubilo/">Los que siembran con lágrimas, cosecharán con júbilo</a></p></blockquote>
<p><iframe loading="lazy" class="wp-embedded-content" sandbox="allow-scripts" security="restricted" style="position: absolute; clip: rect(1px, 1px, 1px, 1px);" src="http://www.esglesiarubi.org/esglesia/reflexiones-escritas/los-que-siembran-con-lagrimas-cosecharan-con-jubilo/embed/#?secret=13iA8aWHrc" data-secret="13iA8aWHrc" width="600" height="338" title="&#8220;Los que siembran con lágrimas, cosecharán con júbilo&#8221; &#8212; Primera Església Protestant a Rubí" frameborder="0" marginwidth="0" marginheight="0" scrolling="no"></iframe></p>
<blockquote data-secret="rVUCyIa3w4" class="wp-embedded-content"><p><a href="http://www.esglesiarubi.org/esglesia/reflexiones-escritas/mestimes/">M&#8217;estimes?</a></p></blockquote>
<p><iframe loading="lazy" class="wp-embedded-content" sandbox="allow-scripts" security="restricted" style="position: absolute; clip: rect(1px, 1px, 1px, 1px);" src="http://www.esglesiarubi.org/esglesia/reflexiones-escritas/mestimes/embed/#?secret=rVUCyIa3w4" data-secret="rVUCyIa3w4" width="600" height="338" title="&#8220;M&#8217;estimes?&#8221; &#8212; Primera Església Protestant a Rubí" frameborder="0" marginwidth="0" marginheight="0" scrolling="no"></iframe></p>
<blockquote data-secret="oe0g5qH3Cm" class="wp-embedded-content"><p><a href="http://www.esglesiarubi.org/esglesia/reflexiones-escritas/9-9-2012-jonatan-navarro/">Vivir el evangelio con coherencia</a></p></blockquote>
<p><iframe loading="lazy" class="wp-embedded-content" sandbox="allow-scripts" security="restricted" style="position: absolute; clip: rect(1px, 1px, 1px, 1px);" src="http://www.esglesiarubi.org/esglesia/reflexiones-escritas/9-9-2012-jonatan-navarro/embed/#?secret=oe0g5qH3Cm" data-secret="oe0g5qH3Cm" width="600" height="338" title="&#8220;Vivir el evangelio con coherencia&#8221; &#8212; Primera Església Protestant a Rubí" frameborder="0" marginwidth="0" marginheight="0" scrolling="no"></iframe></p>

<p>Vespres d&#8217;Advent Jesús volia canviar el món? El Regne de Déu és a prop, molt a prop teu. Los que siembran con lágrimas, cosecharán con júbilo M&#8217;estimes? Vivir el evangelio con coherencia</p>
