{"id":104,"date":"2012-04-06T19:11:53","date_gmt":"2012-04-06T18:11:53","guid":{"rendered":"http:\/\/www.esglesiarubi.org\/esglesia\/?page_id=104"},"modified":"2013-01-21T00:04:59","modified_gmt":"2013-01-20T23:04:59","slug":"programa-de-radio","status":"publish","type":"page","link":"https:\/\/www.esglesiarubi.org\/esglesia\/programa-de-radio\/","title":{"rendered":"Programa de radio"},"content":{"rendered":"<address><span style=\"text-decoration: underline;\"><strong>Presencia Cristiana 99,7Mhz FM<\/strong><\/span><\/address>\n<address>\u00a0<\/address>\n<address>Sobre noviembre del a\u00f1o 1981 se inicia un proyecto de radio con el ayuntamiento de Rubi para la emisi\u00f3n de programas cristianos por la emisora municipal de FM en una frecuencia inicial de 97,7Mhz.<\/address>\n<address>\u00a0<\/address>\n<address>Miquel Montoliu del campo cat\u00f3lico, fue la persona que inici\u00f3 los contactos para que ambas comunidades cat\u00f3lica y evang\u00e9lica participasen en la emisi\u00f3n.<\/address>\n<address>Miquel habl\u00f3 con el director de radio Rubi Sr. Lacalle, para iniciar este proyecto.<\/address>\n<address>As\u00ed posteriormente Radio Rub\u00ed habl\u00f3 con el pastor evang\u00e9lico Samuel Cort\u00e9s para concretar el tema.<\/address>\n<address>Inicialmente nuestro programa constaba de 15 minutos de noticias el sabado y 15 minutos de comentario b\u00edblico el domingo.<\/address>\n<address>Era un cassette con ambos programas semanales por las dos caras de la cinta.<\/address>\n<address>Durante un a\u00f1o participaron tambi\u00e9n las comunidades evang\u00e9licas de Manuel Diaz Cepero y la Asamblea de hermanos que a\u00f1os despu\u00e9s llev\u00f3 Miguel Fernandez.<\/address>\n<address>Finalmente Radio Rubi decidi\u00f3 un programa de domingo por las ma\u00f1anas compartiendo media hora la iglesia cat\u00f3lica y media hora la iglesia evang\u00e9lica de calle Colon.<\/address>\n<address>La iglesia de Asamblea de hermanos transmit\u00eda las ma\u00f1anas de los sabados.<\/address>\n<address>\u00a0<\/address>\n<address>El programa evang\u00e9lico fue dirigido por Samuel Cort\u00e9s con la colaboraci\u00f3n de las locutoras Esther Cort\u00e9s y Lali Sanchez.<\/address>\n<address>Las grabaciones se inician en casa de Lali y Guillermo con los medios rudimentarios de que dispon\u00edamos y en formatos de cinta de cassette.<\/address>\n<address>Posteriormente se entregaban semanalmente en mano a los estudios de Radio Rubi en el centro Escardibul de la misma poblaci\u00f3n.<\/address>\n<address>\u00a0<\/address>\n<address>En 1983 y tras el fallecimiento de nuestro pastor y director de radio Samuel Cort\u00e9s, Ana Vall\u00e9s queda como directora del programa evang\u00e9lico.<\/address>\n<address>Tambi\u00e9n una serie de colaboradores de nuestra comunidad se ofrecieron esporadicamente para participar en el programa.<\/address>\n<address>\u00a0<\/address>\n<table border=\"0\" cellspacing=\"0\" cellpadding=\"0\">\n<tbody>\n<tr>\n<td valign=\"top\" width=\"119\">\n<address>Ana Vall\u00e9s<\/address>\n<\/td>\n<td valign=\"top\" width=\"185\">\n<address>Directora, guionista y locutora<\/address>\n<\/td>\n<\/tr>\n<tr>\n<td valign=\"top\" width=\"119\">\n<address>Esther Cort\u00e9s<\/address>\n<\/td>\n<td valign=\"top\" width=\"185\">\n<address>Locutora<\/address>\n<\/td>\n<\/tr>\n<tr>\n<td valign=\"top\" width=\"119\">\n<address>Juan Vall\u00e9s<\/address>\n<\/td>\n<td valign=\"top\" width=\"185\">\n<address>Colaborador<\/address>\n<\/td>\n<\/tr>\n<tr>\n<td valign=\"top\" width=\"119\">\n<address>Antonio L\u00f3pez<\/address>\n<\/td>\n<td valign=\"top\" width=\"185\">\n<address>Colaborador<\/address>\n<\/td>\n<\/tr>\n<tr>\n<td valign=\"top\" width=\"119\">\n<address>David Casals<\/address>\n<\/td>\n<td valign=\"top\" width=\"185\">\n<address>Colaborador<\/address>\n<\/td>\n<\/tr>\n<tr>\n<td valign=\"top\" width=\"119\">\n<address>Jonatan L\u00f3pez<\/address>\n<\/td>\n<td valign=\"top\" width=\"185\">\n<address>Colaborador<\/address>\n<\/td>\n<\/tr>\n<tr>\n<td valign=\"top\" width=\"119\">\n<address>Jair L\u00f3pez<\/address>\n<\/td>\n<td valign=\"top\" width=\"185\">\n<address>Colaborador<\/address>\n<\/td>\n<\/tr>\n<tr>\n<td valign=\"top\" width=\"119\">\n<address>Eva Ar\u00fas<\/address>\n<\/td>\n<td valign=\"top\" width=\"185\">\n<address>Colaborador<\/address>\n<\/td>\n<\/tr>\n<tr>\n<td valign=\"top\" width=\"119\">\n<address>Astrid Vall\u00e9s<\/address>\n<\/td>\n<td valign=\"top\" width=\"185\">\n<address>Colaborador<\/address>\n<\/td>\n<\/tr>\n<tr>\n<td valign=\"top\" width=\"119\">\n<address>Guillermo Blanco<\/address>\n<\/td>\n<td valign=\"top\" width=\"185\">\n<address>T\u00e9cnico de sonido<\/address>\n<\/td>\n<\/tr>\n<tr>\n<td valign=\"top\" width=\"119\">\n<address>Jos\u00e9 Torres<\/address>\n<\/td>\n<td valign=\"top\" width=\"185\">\n<address>T\u00e9cnico suplente<\/address>\n<\/td>\n<\/tr>\n<\/tbody>\n<\/table>\n<address>\u00a0<\/address>\n<address>En el a\u00f1o 1985 trasladamos y centralizamos nuestros estudios de grabaci\u00f3n a la misma iglesia de calle Colon 4 de Rubi.<\/address>\n<address>\u00a0<\/address>\n<address>En 1985 la IEE (iglesia evangelica espa\u00f1ola) y a trav\u00e9s de Sebastian Rodriguez, nos ofrecen una ampliaci\u00f3n de material tecnico compuesto por dos micr\u00f3fonos Shure y una pletina grabadora de doble cassette Onkio.<\/address>\n<address>\u00a0<\/address>\n<address><a href=\"http:\/\/www.esglesiarubi.org\/esglesia\/programa-de-radio\/01-radio-1999-02\/\" rel=\"attachment wp-att-144\"><img loading=\"lazy\" decoding=\"async\" class=\"alignnone  wp-image-144\" alt=\"01 Radio 1999-02\" src=\"http:\/\/www.esglesiarubi.org\/esglesia\/wp-content\/uploads\/2012\/04\/01-Radio-1999-02.jpg\" width=\"700\" height=\"500\" \/><\/a><\/address>\n<p>&nbsp;<\/p>\n<address>En 1989 los medios de comunicaci\u00f3n evang\u00e9licos Suizos donan a nuestra iglesia un equipo de grabaci\u00f3n completo formado por un mezclador Tascam Porta One, un amplificador Sony TA-F300, un CD compac disc Teac PD-155 y un cassette doble Teac W-310C.<\/address>\n<p>&nbsp;<\/p>\n<address>En 1995 renovamos de nuevo el equipo humano.<\/address>\n<table border=\"0\" cellspacing=\"0\" cellpadding=\"0\">\n<tbody>\n<tr>\n<td valign=\"top\" width=\"119\">\n<address>Ana Vall\u00e9s<\/address>\n<\/td>\n<td valign=\"top\" width=\"185\">\n<address>Directora, guionista y locutora<\/address>\n<\/td>\n<\/tr>\n<tr>\n<td valign=\"top\" width=\"119\">\n<address>Esther Cort\u00e9s<\/address>\n<\/td>\n<td valign=\"top\" width=\"185\">\n<address>Locutora<\/address>\n<\/td>\n<\/tr>\n<tr>\n<td valign=\"top\" width=\"119\">\n<address>Carlos Cap\u00f3<\/address>\n<\/td>\n<td valign=\"top\" width=\"185\">\n<address>Colaborador<\/address>\n<\/td>\n<\/tr>\n<tr>\n<td valign=\"top\" width=\"119\">\n<address>Natalie Reverden<\/address>\n<\/td>\n<td valign=\"top\" width=\"185\">\n<address>Colaborador<\/address>\n<\/td>\n<\/tr>\n<tr>\n<td valign=\"top\" width=\"119\">\n<address>Guillermo Blanco<\/address>\n<\/td>\n<td valign=\"top\" width=\"185\">\n<address>T\u00e9cnico<\/address>\n<\/td>\n<\/tr>\n<\/tbody>\n<\/table>\n<address>\u00a0<\/address>\n<address>En 1998 innovamos un nuevo sistema de micr\u00f3fonos de pinza y diadema para mantener las manos libres durante las lecturas de los textos.<\/address>\n<address>\u00a0<\/address>\n<address>En el a\u00f1o 2000 radio Rubi cambia la frecuencia de emisi\u00f3n a 99,7Mhz.<\/address>\n<address>Adem\u00e1s nos proponen abandonar el cl\u00e1sico cassette para lanzarnos al nuevo sistema digital en minidisc.<\/address>\n<address>Hasta la fecha, todos los programas se estaban almacenando en grandes cantidades de cassettes para no perder un recuerdo y archivo hist\u00f3rico.<\/address>\n<address>\u00a0<\/address>\n<address>En diciembre del 2001 y conmemorando los 20 a\u00f1os del programa de radio, todo el equipo celebr\u00f3 el acontecimiento en un restaurante de las afueras de Rubi (Can Tubau).<\/address>\n<address>\u00a0<\/address>\n<address>En Julio de 2002, Esther Cort\u00e9s abandona el equipo de radio tras casi 21 a\u00f1os de colaboraci\u00f3n.<\/address>\n<address>Carlos y Nathalie continuan colaborando y en sustituci\u00f3n de Esther Cort\u00e9s, se incorporan durante un solo a\u00f1o Damaris Lopez, Anna Blanco y Lali Sanchez.<\/address>\n<p>&nbsp;<\/p>\n<address>En 2004 se mantienen colaborando Ana Valles, Carlos Cap\u00f3, Nathalie y un poco m\u00e1s integrada Lali Sanchez.<\/address>\n<address>Guillermo Blanco como siempre al control.<\/address>\n<p>&nbsp;<\/p>\n<address>2008<\/address>\n<address>Por dificultades de movilidad de algunos de nuestros componentes, el estudio de radio que hab\u00eda estado instalado en el primer piso de la casa pastoral de la misma iglesia, se traslada a la planta baja y en el mismo recinto del despacho pastoral.<\/address>\n<address>El d\u00eda de grabaci\u00f3n se mantiene los martes por la noche a partir de las 21h.<\/address>\n<address>Lali Sanchez y Esther S\u00e1nchez se incorporan como colaboradoras durante un tiempo m\u00e1s bien corto y Antonio Lopez colabora con mas asiduidad.<\/address>\n<p>&nbsp;<\/p>\n<address>Primeros contactos con la nueva directora del programa cat\u00f3lico Maria Pilar Adin tras la baja de Isidro Rubio y Maria Josep Serra.<\/address>\n<address>Residente en Matadepera y con las colaboraciones de Rosa Maria Aris, Marcela y Miquel, inicia una nueva linea de programa en el apartado cat\u00f3lico.<\/address>\n<address>Mantenemos como cada a\u00f1o una relaci\u00f3n y encuentros en los programas conjuntos de Navidad y cultos unidos de oraci\u00f3n durante el mes de enero.<\/address>\n<address>Otros colaboradores cat\u00f3licos participaron como Montserrat Grau, Miquel Montoliu y mos\u00e9n Joaquim Rius.<\/address>\n<p>&nbsp;<\/p>\n<address>2009<\/address>\n<address>Volvemos a los tradicionales micr\u00f3fonos din\u00e1micos de mano, pero de mejor calidad (Shure SM-58).<\/address>\n<address>En Noviembre de 2009 se produce t\u00e9cnicamente un cambio dr\u00e1stico en el formato de grabaci\u00f3n y en la forma de editarlo.<\/address>\n<p>&nbsp;<\/p>\n<address>El formato cambia al conocido MP3 y su envio se realiza por internet.<\/address>\n<address>El proceso de grabaci\u00f3n abandona el sistema minidisc y empezamos con el uso del ordenador.<\/address>\n<address>Dividimos para nuestra comodidad la grabaci\u00f3n en dos etapas.<\/address>\n<address>-El primer paso consta en grabar en el estudio de la iglesia a trav\u00e9s de un programa inform\u00e1tico para ordenador, \u00fanicamente las voces de las colaboraciones habladas en forma de pistas.<\/address>\n<address>Esto reduce considerablemente el tiempo de dedicaci\u00f3n a esas horas de la noche y en d\u00edas laborables que tanto nos perjudica a los que trabajamos.<\/address>\n<address>-De ah\u00ed y grabado en un pen drive, Guillermo realiza las mezclas pertinentes con m\u00fasica de fondo en su vivienda de una forma m\u00e1s c\u00f3moda y tranquila.<\/address>\n<address>-El \u00faltimo paso es enviar via internet ese programa de radio convertido en un archivo MP3 por e-mail a los estudios de Radio Rubi.<\/address>\n<address>\u00a0<\/address>\n<address><a href=\"http:\/\/www.esglesiarubi.org\/esglesia\/programa-de-radio\/02-radio-dsc_0046\/\" rel=\"attachment wp-att-145\"><img loading=\"lazy\" decoding=\"async\" class=\"alignnone  wp-image-145\" alt=\"02 Radio DSC_0046\" src=\"http:\/\/www.esglesiarubi.org\/esglesia\/wp-content\/uploads\/2012\/04\/02-Radio-DSC_0046-1024x680.jpg\" width=\"700\" height=\"500\" \/><\/a><\/address>\n<address>\u00a0<\/address>\n<address>\u00a0<\/address>\n<address>\u00a0<\/address>\n<address><a href=\"http:\/\/www.esglesiarubi.org\/esglesia\/programa-de-radio\/03-radio-dscf0190\/\" rel=\"attachment wp-att-146\"><img loading=\"lazy\" decoding=\"async\" class=\"alignnone  wp-image-146\" alt=\"03 Radio DSCF0190\" src=\"http:\/\/www.esglesiarubi.org\/esglesia\/wp-content\/uploads\/2012\/04\/03-Radio-DSCF0190-1024x768.jpg\" width=\"700\" height=\"500\" \/><\/a><\/address>\n<address>\u00a0<\/address>\n<address>Todo se ha informatizado considerablemente al ritmo de la evoluci\u00f3n t\u00e9cnica.<\/address>\n<address>El formato de MP3 nos permite almacenar en tan solo 10 DVD o bien 37Gb, toda la programaci\u00f3n radiada de 30 a\u00f1os, practicamente mil programas (976 programas) , reduciendo muy considerablemente esas enormes cajas de cassettes que pretend\u00edamos conservar.<\/address>\n<p>&nbsp;<\/p>\n<address>Durante esos 30 a\u00f1os de programa, algunos colaboradores han estado siempre al pie del ca\u00f1\u00f3n y otros han colaborado de una forma m\u00e1s o menos prolongada en ese programa semanal de tan solo media hora, las ma\u00f1anas de los domingos por una emisora municipal con un alcance de emisi\u00f3n relativo.<\/address>\n<address>La monta\u00f1a del Tibidabo ha frenado la cobertura de esa emisi\u00f3n para los oyentes de Barcelona capital, pero posiblemente haya alcanzado mayormente por otras zonas.<\/address>\n<address>Presencia Cristiana ha sido un intento de compartir experiencias personales, textos b\u00edblicos, m\u00fasica cristiana y comentarios b\u00edblicos para llegar a nuestra poblaci\u00f3n de una forma que posiblemente no hubi\u00e9semos alcanzado a no ser por las ondas de la radio.<\/address>\n<address>Radio Rubi tambi\u00e9n inaugura su nueva pagina web en Nov 2009 y con ella la posibilidad de poder escuchar estos programas desde cualquier lugar, via internet.<\/address>\n<p>&nbsp;<\/p>\n<address>En el nuevo curso de 2011, Pilar Adin del grupo catolico abandona el cargo y lo sustituye Alexandre Ruiz.<\/address>\n<p>&nbsp;<\/p>\n<address>En esta etapa de 30 a\u00f1os el grupo cat\u00f3lico ha estado formado por personajes tales como:<br \/>\nAlbert Otero, Cesc Closas, Montserrat Soler, Montserrat Grau, Mn. Ant\u00f3n Roca, Mn. Jaume Desquens, Mn. Bernat (en Francia actualmente), Mn. Homar, Mn Joaquim Rius, Lloren\u00e7 Margarit (fallecido), Isidro Rubio, M\u00aa Josep Serra, Pilar Adin, Miquel Montoliu, Miquel Miras, Rosa M\u00aa Aris, Santi Rovira, Alexandre Ruiz.El dia 19 de noviembre de 2011, Anna Valles lanza con su equipo a una celebraci\u00f3n de 30 a\u00f1os en la que participan colaboradores evangelicos, catolicos, del ayuntamiento y de la emisora Radio Rubi.<br \/>\nUna celebraci\u00f3n en el templo de la iglesia calle Col\u00f3n, 6 en la que tras algunas intervenciones, algunas fotograf\u00edas proyectadas y algunas colaboraciones grabadas en videos de componentes que no pudieron asistir, se soplaron las velas de un pastel que conmemoraba estos 30 a\u00f1os.Una foto final de todo el grupo acab\u00f3 aquel encuentro fraternal de un programa compuesto por dos comunidades en la que su persistencia semanal y la colaboraci\u00f3n de radio Rubi, permitieron esta tarea religiosa de \u00e1mbito evangelistico.<\/address>\n<address>\u00a0<\/address>\n<address><a href=\"http:\/\/www.esglesiarubi.org\/esglesia\/programa-de-radio\/04-20111119-049-s\/\" rel=\"attachment wp-att-148\"><img loading=\"lazy\" decoding=\"async\" class=\"alignnone  wp-image-148\" alt=\"04 20111119-049-S\" src=\"http:\/\/www.esglesiarubi.org\/esglesia\/wp-content\/uploads\/2012\/04\/04-20111119-049-S.jpg\" width=\"700\" height=\"500\" \/><\/a><\/address>\n<p>&nbsp;<\/p>\n<p>&nbsp;<\/p>\n<address>Nota:<\/address>\n<address>para ampliar las fotografias, puedes hacerlo simplemente clicando sobre cualquiera de ellas.<\/address>\n<address>\u00a0<\/address>\n<p>&nbsp;<\/p>\n","protected":false},"excerpt":{"rendered":"<p>Presencia Cristiana 99,7Mhz FM \u00a0 Sobre noviembre del a\u00f1o 1981 se inicia un proyecto de radio con el ayuntamiento de Rubi para la emisi\u00f3n de programas cristianos por la emisora municipal de FM en una frecuencia inicial de 97,7Mhz. \u00a0 Miquel Montoliu del campo cat\u00f3lico, fue la persona que inici\u00f3 los contactos para que ambas &#8230; <span class=\"more\"><a class=\"more-link\" href=\"https:\/\/www.esglesiarubi.org\/esglesia\/programa-de-radio\/\">[Llegir m\u00e9s&#8230;]<\/a><\/span><\/p>\n","protected":false},"author":4,"featured_media":0,"parent":0,"menu_order":0,"comment_status":"open","ping_status":"open","template":"","meta":{"jetpack_post_was_ever_published":false,"footnotes":""},"class_list":["entry","page","publish","author-communitymanager","post-104"],"aioseo_notices":[],"jetpack_sharing_enabled":true,"jetpack_shortlink":"https:\/\/wp.me\/P8020h-1G","_links":{"self":[{"href":"https:\/\/www.esglesiarubi.org\/esglesia\/wp-json\/wp\/v2\/pages\/104","targetHints":{"allow":["GET"]}}],"collection":[{"href":"https:\/\/www.esglesiarubi.org\/esglesia\/wp-json\/wp\/v2\/pages"}],"about":[{"href":"https:\/\/www.esglesiarubi.org\/esglesia\/wp-json\/wp\/v2\/types\/page"}],"author":[{"embeddable":true,"href":"https:\/\/www.esglesiarubi.org\/esglesia\/wp-json\/wp\/v2\/users\/4"}],"replies":[{"embeddable":true,"href":"https:\/\/www.esglesiarubi.org\/esglesia\/wp-json\/wp\/v2\/comments?post=104"}],"version-history":[{"count":0,"href":"https:\/\/www.esglesiarubi.org\/esglesia\/wp-json\/wp\/v2\/pages\/104\/revisions"}],"wp:attachment":[{"href":"https:\/\/www.esglesiarubi.org\/esglesia\/wp-json\/wp\/v2\/media?parent=104"}],"curies":[{"name":"wp","href":"https:\/\/api.w.org\/{rel}","templated":true}]}}